{"id":547,"date":"2016-02-03T16:45:52","date_gmt":"2016-02-03T16:45:52","guid":{"rendered":"http:\/\/cie-veiculo-longo.fr\/?page_id=547"},"modified":"2017-10-25T11:25:28","modified_gmt":"2017-10-25T11:25:28","slug":"festival-tes-belle-et-tu-sens-bon","status":"publish","type":"page","link":"https:\/\/cie-veiculo-longo.fr\/?page_id=547","title":{"rendered":"Festival T&rsquo;es belle et tu sens bon"},"content":{"rendered":"<h1>T&rsquo;es belle et tu sens bon<\/h1>\n<p>&nbsp;<\/p>\n<p><a href=\"http:\/\/cie-veiculo-longo.fr\/wp-content\/uploads\/2016\/02\/SCAN_20160107_0020.jpg\" rel=\"attachment wp-att-551\"><img loading=\"lazy\" decoding=\"async\" class=\"aligncenter size-full wp-image-551\" src=\"http:\/\/cie-veiculo-longo.fr\/wp-content\/uploads\/2016\/02\/SCAN_20160107_0020.jpg\" alt=\"SCAN_20160107_0020\" width=\"2360\" height=\"1904\" srcset=\"https:\/\/cie-veiculo-longo.fr\/wp-content\/uploads\/2016\/02\/SCAN_20160107_0020.jpg 2360w, https:\/\/cie-veiculo-longo.fr\/wp-content\/uploads\/2016\/02\/SCAN_20160107_0020-300x242.jpg 300w, https:\/\/cie-veiculo-longo.fr\/wp-content\/uploads\/2016\/02\/SCAN_20160107_0020-768x620.jpg 768w, https:\/\/cie-veiculo-longo.fr\/wp-content\/uploads\/2016\/02\/SCAN_20160107_0020-1024x826.jpg 1024w\" sizes=\"auto, (max-width: 2360px) 100vw, 2360px\" \/><\/a><\/p>\n<p>&nbsp;<\/p>\n<p><a href=\"https:\/\/tbetsb.wordpress.com\">Site web<\/a><\/p>\n<p>N\u00e9 de la rencontre entre la Compagnie Veiculo Longo \u00a0et l\u2019association Jazz R\u00e9gion<br \/>\nCentre, le festival T\u2019es Belle et Tu Sens Bon est apparu comme une<br \/>\nn\u00e9cessit\u00e9 de croisement et de rencontres pluridisciplinaires dans<br \/>\nl\u2019espace urbain que nous habitons et partageons.<br \/>\nLe festival est autog\u00e9r\u00e9 et met l\u2019accent sur des formes et des<br \/>\npropositions artistiques engag\u00e9es peu repr\u00e9sent\u00e9es dans le<br \/>\npaysage des programmations conventionnelles.<\/p>\n<p><a href=\"https:\/\/www.youtube.com\/watch?v=0Jf8m9OpbOk\">Retour en vid\u00e9o ici !<\/a><\/p>\n<p>&nbsp;<\/p>\n","protected":false},"excerpt":{"rendered":"<a href=\"https:\/\/cie-veiculo-longo.fr\/?page_id=547\"><img loading=\"lazy\" decoding=\"async\" width=\"150\" height=\"150\" src=\"http:\/\/cie-veiculo-longo.fr\/wp-content\/plugins\/thumbnail-for-excerpts\/tfe_no_thumb.png\" class=\"alignleft wp-post-image tfe\" alt=\"\" title=\"\" \/><\/a><p>T&rsquo;es belle et tu sens bon &nbsp; &nbsp; Site web N\u00e9 de la rencontre entre la Compagnie Veiculo Longo \u00a0et l\u2019association Jazz R\u00e9gion Centre, le festival T\u2019es Belle et Tu Sens Bon est apparu comme une n\u00e9cessit\u00e9 de croisement et de rencontres pluridisciplinaires dans l\u2019espace urbain que nous habitons et partageons. Le festival est autog\u00e9r\u00e9 [&hellip;]<\/p>\n","protected":false},"author":1,"featured_media":0,"parent":0,"menu_order":0,"comment_status":"closed","ping_status":"closed","template":"","meta":{"footnotes":""},"class_list":["post-547","page","type-page","status-publish","hentry"],"_links":{"self":[{"href":"https:\/\/cie-veiculo-longo.fr\/index.php?rest_route=\/wp\/v2\/pages\/547","targetHints":{"allow":["GET"]}}],"collection":[{"href":"https:\/\/cie-veiculo-longo.fr\/index.php?rest_route=\/wp\/v2\/pages"}],"about":[{"href":"https:\/\/cie-veiculo-longo.fr\/index.php?rest_route=\/wp\/v2\/types\/page"}],"author":[{"embeddable":true,"href":"https:\/\/cie-veiculo-longo.fr\/index.php?rest_route=\/wp\/v2\/users\/1"}],"replies":[{"embeddable":true,"href":"https:\/\/cie-veiculo-longo.fr\/index.php?rest_route=%2Fwp%2Fv2%2Fcomments&post=547"}],"version-history":[{"count":3,"href":"https:\/\/cie-veiculo-longo.fr\/index.php?rest_route=\/wp\/v2\/pages\/547\/revisions"}],"predecessor-version":[{"id":837,"href":"https:\/\/cie-veiculo-longo.fr\/index.php?rest_route=\/wp\/v2\/pages\/547\/revisions\/837"}],"wp:attachment":[{"href":"https:\/\/cie-veiculo-longo.fr\/index.php?rest_route=%2Fwp%2Fv2%2Fmedia&parent=547"}],"curies":[{"name":"wp","href":"https:\/\/api.w.org\/{rel}","templated":true}]}}

<h1>T&rsquo;es belle et tu sens bon</h1>
<p>&nbsp;</p>
<p><a href="http://cie-veiculo-longo.fr/wp-content/uploads/2016/02/SCAN_20160107_0020.jpg" rel="attachment wp-att-551"><img loading="lazy" decoding="async" class="aligncenter size-full wp-image-551" src="http://cie-veiculo-longo.fr/wp-content/uploads/2016/02/SCAN_20160107_0020.jpg" alt="SCAN_20160107_0020" width="2360" height="1904" srcset="https://cie-veiculo-longo.fr/wp-content/uploads/2016/02/SCAN_20160107_0020.jpg 2360w, https://cie-veiculo-longo.fr/wp-content/uploads/2016/02/SCAN_20160107_0020-300x242.jpg 300w, https://cie-veiculo-longo.fr/wp-content/uploads/2016/02/SCAN_20160107_0020-768x620.jpg 768w, https://cie-veiculo-longo.fr/wp-content/uploads/2016/02/SCAN_20160107_0020-1024x826.jpg 1024w" sizes="auto, (max-width: 2360px) 100vw, 2360px" /></a></p>
<p>&nbsp;</p>
<p><a href="https://tbetsb.wordpress.com">Site web</a></p>
<p>Né de la rencontre entre la Compagnie Veiculo Longo  et l’association Jazz Région<br />
Centre, le festival T’es Belle et Tu Sens Bon est apparu comme une<br />
nécessité de croisement et de rencontres pluridisciplinaires dans<br />
l’espace urbain que nous habitons et partageons.<br />
Le festival est autogéré et met l’accent sur des formes et des<br />
propositions artistiques engagées peu représentées dans le<br />
paysage des programmations conventionnelles.</p>
<p><a href="https://www.youtube.com/watch?v=0Jf8m9OpbOk">Retour en vidéo ici !</a></p>
<p>&nbsp;</p>

<a href="https://cie-veiculo-longo.fr/?page_id=547"><img loading="lazy" decoding="async" width="150" height="150" src="http://cie-veiculo-longo.fr/wp-content/plugins/thumbnail-for-excerpts/tfe_no_thumb.png" class="alignleft wp-post-image tfe" alt="" title="" /></a><p>T&rsquo;es belle et tu sens bon &nbsp; &nbsp; Site web Né de la rencontre entre la Compagnie Veiculo Longo  et l’association Jazz Région Centre, le festival T’es Belle et Tu Sens Bon est apparu comme une nécessité de croisement et de rencontres pluridisciplinaires dans l’espace urbain que nous habitons et partageons. Le festival est autogéré [&hellip;]</p>
