{"id":56,"date":"2014-03-24T08:50:46","date_gmt":"2014-03-24T08:50:46","guid":{"rendered":"http:\/\/cie-veiculo-longo.fr\/?page_id=56"},"modified":"2021-07-06T14:47:30","modified_gmt":"2021-07-06T14:47:30","slug":"fm8","status":"publish","type":"page","link":"https:\/\/cie-veiculo-longo.fr\/?page_id=56","title":{"rendered":"F+M=8 pour parler des choses qui nous d\u00e9passent. cr\u00e9ation 2017"},"content":{"rendered":"<div title=\"Page 13\">\n<div title=\"Page 2\"><\/div>\n<p><a href=\"http:\/\/cie-veiculo-longo.fr\/wp-content\/uploads\/2017\/10\/20525379_794354534058510_1236343346557731400_n.jpg\" rel=\"attachment wp-att-798\"><img loading=\"lazy\" decoding=\"async\" class=\"aligncenter size-full wp-image-798\" src=\"http:\/\/cie-veiculo-longo.fr\/wp-content\/uploads\/2017\/10\/20525379_794354534058510_1236343346557731400_n.jpg\" alt=\"20525379_794354534058510_1236343346557731400_n\" width=\"960\" height=\"640\" srcset=\"https:\/\/cie-veiculo-longo.fr\/wp-content\/uploads\/2017\/10\/20525379_794354534058510_1236343346557731400_n.jpg 960w, https:\/\/cie-veiculo-longo.fr\/wp-content\/uploads\/2017\/10\/20525379_794354534058510_1236343346557731400_n-300x200.jpg 300w, https:\/\/cie-veiculo-longo.fr\/wp-content\/uploads\/2017\/10\/20525379_794354534058510_1236343346557731400_n-768x512.jpg 768w\" sizes=\"auto, (max-width: 960px) 100vw, 960px\" \/><\/a><\/p>\n<\/div>\n<h3 style=\"text-align: center;\" title=\"Page 13\">SYNOPSIS<\/h3>\n<p title=\"Page 13\">Deux personnages naviguent \u00e0 vue entre l\u2019absurde et le r\u00e9el des contingences. Fragiles, victimes et bourreaux plac\u00e9s entre l\u2019absurdit\u00e9 et la violence de notre monde contemporain.<\/p>\n<div title=\"Page 13\">\n<p>L\u2019humain face \u00e0 l\u2019humain.<\/p>\n<p>Le public traverse les espaces de jeu o\u00f9 se d\u00e9ploie une mosa\u00efque de formes expressives, parfois extraordinaires, parfois minuscules. Interpell\u00e9 dans sa posture de t\u00e9moin voyeur, appel\u00e9 \u00e0 d\u00e9cider de sa place, il est invit\u00e9 \u00e0 prendre conscience de sa responsabilit\u00e9.<\/p>\n<p>Les perturbations et les \u00e9l\u00e9ments \u00e9tranges apparaissent et donnent une image intuitive et ambigu\u00eb du pr\u00e9sent. Le focus va et vient entre l\u2019enfermement int\u00e9rieur et la r\u00e9alit\u00e9 du moment, s\u2019\u00e9largit petit \u00e0 petit sur l\u2019espace et la relation \u00e0 l\u2019autre.<\/p>\n<p style=\"text-align: left;\">Un trou dans la vie.<\/p>\n<\/div>\n<p><a href=\"http:\/\/cie-veiculo-longo.fr\/wp-content\/uploads\/2017\/10\/18920412_10213150392699670_9192391368134068615_n.jpg\" rel=\"attachment wp-att-791\"><img loading=\"lazy\" decoding=\"async\" class=\"wp-image-791 alignleft\" src=\"http:\/\/cie-veiculo-longo.fr\/wp-content\/uploads\/2017\/10\/18920412_10213150392699670_9192391368134068615_n.jpg\" alt=\"18920412_10213150392699670_9192391368134068615_n\" width=\"401\" height=\"267\" srcset=\"https:\/\/cie-veiculo-longo.fr\/wp-content\/uploads\/2017\/10\/18920412_10213150392699670_9192391368134068615_n.jpg 960w, https:\/\/cie-veiculo-longo.fr\/wp-content\/uploads\/2017\/10\/18920412_10213150392699670_9192391368134068615_n-300x200.jpg 300w, https:\/\/cie-veiculo-longo.fr\/wp-content\/uploads\/2017\/10\/18920412_10213150392699670_9192391368134068615_n-768x512.jpg 768w\" sizes=\"auto, (max-width: 401px) 100vw, 401px\" \/><\/a><a href=\"http:\/\/cie-veiculo-longo.fr\/wp-content\/uploads\/2017\/10\/18893012_10213150376019253_6215711597722980700_n.jpg\" rel=\"attachment wp-att-786\"><img loading=\"lazy\" decoding=\"async\" class=\"aligncenter wp-image-786\" src=\"http:\/\/cie-veiculo-longo.fr\/wp-content\/uploads\/2017\/10\/18893012_10213150376019253_6215711597722980700_n.jpg\" alt=\"18893012_10213150376019253_6215711597722980700_n\" width=\"264\" height=\"276\" srcset=\"https:\/\/cie-veiculo-longo.fr\/wp-content\/uploads\/2017\/10\/18893012_10213150376019253_6215711597722980700_n.jpg 918w, https:\/\/cie-veiculo-longo.fr\/wp-content\/uploads\/2017\/10\/18893012_10213150376019253_6215711597722980700_n-287x300.jpg 287w, https:\/\/cie-veiculo-longo.fr\/wp-content\/uploads\/2017\/10\/18893012_10213150376019253_6215711597722980700_n-768x803.jpg 768w\" sizes=\"auto, (max-width: 264px) 100vw, 264px\" \/><\/a><\/p>\n<h3 style=\"text-align: center;\">NOTE D&rsquo;INTENTION<\/h3>\n<p>Dans ce spectacle, nous abordons la th\u00e9matique des rapports humains dans le monde contradictoire contemporain. De mani\u00e8re interactive, en partant de la sinc\u00e9rit\u00e9, de la responsabilit\u00e9 que chacun porte vis \u00e0 vis de ceux qui nous entourent, nous amenons le spectateur \u00e0 voir la complexit\u00e9 de notre rapport au monde pour, finalement, interpeller sa curiosit\u00e9 et l\u2019observation des choses qui nous entourent.<\/p>\n<p>Pour rencontrer les spectateurs sur ce terrain, nous avons \u00e9tabli la charte suivante : pouvoir se produire \u00abpartout\u00bb, avoir des besoins techniques \u00absimples\u00bb et offrir une exp\u00e9rience \u00abforte\u00bb au spectateur.<\/p>\n<p>Technologie et catastrophe : ce qui nous d\u00e9passe<\/p>\n<p>L\u2019exp\u00e9rience humaine nous donne souvent \u00e0 vivre l\u2019apparition des ph\u00e9nom\u00e8nes de contingence comme une perturbation tragique et dramatique. Immerg\u00e9s en permanence dans la technologie et l\u2019information dont les flux sont inc\u00e9ssants, ces cataclysme apparaissent de plus en plus pr\u00e9sents, soudains, avec la brutalit\u00e9 d\u2019un retour au r\u00e9el qui d\u00e9passe aujourd\u2019hui de loin la fiction. Vivre se r\u00e9duit-il \u00e0 remplir agr\u00e9ablement son temps entre 2 d\u00e9sastres ?<\/p>\n<p>Nous nous appuyons sur le contraste entre une situation identifi\u00e9e de \u00abspectacle\u00bb et la perturbation de celle-ci par les \u00e9l\u00e9ments, fabriqu\u00e9 ou al\u00e9atoires.<\/p>\n<p>relation au spectateur : autonomie et responsabilit\u00e9<\/p>\n<p>Dans ce spectacle, nous faisons face \u00e0 la difficult\u00e9 de re-cr\u00e9er un monde o\u00f9 le hasard \u00e0 pleinement sa place. Pour cela, dans notre rapport au spectateur, nous avons choisi de faire confiance \u00e0 sa responsabilit\u00e9 et de laisser la place \u00e0 l\u2019expression de sa singularit\u00e9. Cela cr\u00e9e l\u2019interactivit\u00e9 n\u00e9cessaire pour accepter les formes ultra-contemporaines de notre expression artistique.<\/p>\n<p>La transformation de l\u2019espace du quotidien et de la rue<\/p>\n<p>Nous avons choisi l\u2019espace du quotidien et de la rue pour \u00e9clairer notre propos traitant des contingences. Notre projet s\u2019inscrit dans l\u2019espace public, dans la \u00abcrise\u00bb que celui-ci subit : espace collectif mais aussi anonyme, que toutes les classes de population partagent, o\u00f9 il n\u2019y a pas de barri\u00e8re \u00e0 franchir pour risquer la rencontre et qui subit les attaques de l\u2019expression du d\u00e9semparement.<\/p>\n<p>Mise en sc\u00e8ne et acte performatif : raconter une histoire<\/p>\n<p>Depuis 2 ans, t\u00e9moins du monde qui nous entoure, nous amassons de la mati\u00e8re \u00e0 partir de performances r\u00e9alis\u00e9es dans diff\u00e9rents contextes : parfois violent, parfois sensible, parfois minuscule et parfois gigantesque. Nous voulons mordre dans l\u2019\u00e9criture du corps, arracher de ces exp\u00e9riences une mati\u00e8re sc\u00e9nique et spatiale qui se termine en grand spectacle.<\/p>\n<p>Une Dramaturgie populaire et ultra-contemporaine<\/p>\n<p>La recherche sur la mise en sc\u00e8ne et la dramaturgie, l\u2019utilisation d\u2019une iconographie contemporaine populaire et facilement identifiable, nous permet d\u2019op\u00e9rer un rapprochement entre nos mati\u00e8res utra-contemporaines et notre intention pour un \u00abth\u00e9atre populaire\u00bb. Le propos est pointu, la forme (danse, performance, musique actuelle) abstraite et la proposition s\u2019adresse \u00e0 un large public.<\/p>\n<p><a href=\"http:\/\/cie-veiculo-longo.fr\/wp-content\/uploads\/2017\/10\/20597435_794353987391898_1121078715427139227_n.jpg\" rel=\"attachment wp-att-803\"><img loading=\"lazy\" decoding=\"async\" class=\"aligncenter size-full wp-image-803\" src=\"http:\/\/cie-veiculo-longo.fr\/wp-content\/uploads\/2017\/10\/20597435_794353987391898_1121078715427139227_n.jpg\" alt=\"20597435_794353987391898_1121078715427139227_n\" width=\"960\" height=\"640\" srcset=\"https:\/\/cie-veiculo-longo.fr\/wp-content\/uploads\/2017\/10\/20597435_794353987391898_1121078715427139227_n.jpg 960w, https:\/\/cie-veiculo-longo.fr\/wp-content\/uploads\/2017\/10\/20597435_794353987391898_1121078715427139227_n-300x200.jpg 300w, https:\/\/cie-veiculo-longo.fr\/wp-content\/uploads\/2017\/10\/20597435_794353987391898_1121078715427139227_n-768x512.jpg 768w\" sizes=\"auto, (max-width: 960px) 100vw, 960px\" \/><\/a><\/p>\n<h3 style=\"text-align: center;\">EQUIPE<\/h3>\n<p>&nbsp;<\/p>\n<p><b><i>FRANCO DEBI\u00c8RE &#8211; mise en sc\u00e8ne, jeu\u00a0<\/i><\/b><\/p>\n<p>Autodidacte, je d\u00e9couvre la danse en 2004 sur le tard alors que je suis plein de mod\u00e8les math\u00e9matiques al\u00e9atoires en proie avec les contradictions machiniques du monde industriel.<\/p>\n<p>Jamais \u00e0 ma place, toujours \u00e0 la recherche d\u2019un \u00ab je ne sais quoi \u00bb et de presque rien, je lance mon corps sur la sc\u00e8ne en 2009. Apr\u00e8s quelques exercices de th\u00e9\u00e2tre physique \u00e0 l\u2019Odin Theatre et de jeu d\u2019acteur avec C.Egros, je construis des spectacles de corps, intuitifs ou sensationnels, parfois en plusieurs mill\u00e9naires, parfois en 5 minutes, jamais tranquiles et souvent avec rien.<\/p>\n<p>Depuis 2011, j\u2019ai interrog\u00e9 le d\u00e9sert isra\u00e9lien avec J.Swartvagher, dans\u00e9 pour le festival d\u2019Aurillac avec P.Freslon, mis en sc\u00e8ne 70 marins dans le grand vent et sur les grands espaces, invoqu\u00e9 les absents \u00e0 Chalon sur Sa\u00f4ne avec le Collectif Martine \u00e0 la Plage, suspendus un double sous le pont de Saumur. Depuis 2013, je fait partie de la compagnie Veiculo Longo. En 2015 je serai en r\u00e9sidence au Centre Chor\u00e9graphique National d\u2019Orl\u00e9ans pour <i>Ceci n\u2019est pas un urinoir.<\/i><\/p>\n<p>&nbsp;<\/p>\n<p><b><i>ELODIE CURADO &#8211; mise en sc\u00e8ne, jeu<\/i><\/b><\/p>\n<p>J\u2019initie mon approche du corps et du mouvement en 2002, en entrant \u00e0 l\u2019Acad\u00e9mie Internationale de la Danse \u00e0 Paris. Tr\u00e8s vite, je me trouve une couleur et une \u00e9criture contemporaine et int\u00e8gre ainsi en 2008 le conservatoire de La Rochelle. C\u2019est l\u00e0 que je rencontre les chor\u00e9graphes Gianni Joseph et Thomas Lebrun.<\/p>\n<p>En parall\u00e8le de ces cours au conservatoire et face \u00e0 ma curiosit\u00e9 d\u2019aller trouver et explorer les espaces ext\u00e9rieurs, je vais \u00e0 la rencontre de Karim Sebbar,Laure Terrier et Pierre Pilatte qui conforteront mes envies quant aux questions de l\u2019espace public, de l\u2019individu, de la pr\u00e9sence et du rapport au corps<\/p>\n<p>En 2010, je participe au laboratoire artistique organis\u00e9 par la FAAAC, appel\u00e9 OCTNOV2010, une r\u00e9sidence itin\u00e9rante d\u2019un mois et demi dont le terrain de jeu est le Portugal. L\u2019objectif \u00e9tant l\u2019exp\u00e9rimentation, la recherche, l\u2019\u00e9change. C\u2019est \u00e0 la suite de cette exp\u00e9rience que je cr\u00e9\u00e9 en 2011 la Compagnie Veiculo Longo avec laquelle j\u2019\u00e9cris ma premi\u00e8re pi\u00e8ce <i>Facettes ou 1746 kilom\u00e8tres pour comprendre<\/i>.<\/p>\n<p>&nbsp;<\/p>\n<p><b><i>YANNICK VILAINE &#8211; musique live\u00a0<\/i><\/b><\/p>\n<p>Musicien autodidacte nourris au blues, d\u2019abord p\u00e9cheur sur l\u2019eau qui passe \u00e0 proximit\u00e9 de l\u2019estuaire de la Loire, je suis un observateur de la nature trop souvent insaisissable \u00e0 la recherche du poisson qui nourrit son homme.<\/p>\n<p>La plainte et la protestation font pour moi l\u2019essence du \u00abfree\u00bb. Avec une guitare \u00e9lectrique en guise de porte voix et une technique personnelle entre des doigts fa\u00e7onn\u00e9s par les eaux froides et le travail \u00ab\u00e0 la dure\u00bb, j\u2019improvise avec les moyens du bord.<\/p>\n<p>Mon aventure professionnelle dans la musique d\u00e9bute en 2006 avec la rencontre de David Charrier \u00abSalomon\u00bb, fondateur d\u2019<i>Electronics Free Men <\/i>qui me transmet l\u2019envie de dire mon blues. Ensuite, l\u2019exp\u00e9rience improvisation sonore et graphique de <i>Game Over <\/i>en 2008 puis l\u2019\u00e9pop\u00e9e free, punk, noise tartare avec le groupe <i>Electric Pussies <\/i>en 2011. Depuis 2012, je suis musicien du spectacle de cirque et de gestes en musique <i>Entre mes mains <\/i>et j\u2019aime participer \u00e0 des aventures solo ou en groupe, avec <i>Les Ignobles du Vignoble par exemple et le jeu en rue.<\/i><\/p>\n<p>&nbsp;<\/p>\n<p><b><i>JOHAN SWARTVAGHER &#8211; regard ext\u00e9rieur\u00a0<\/i><\/b><\/p>\n<p>Jongleur depuis 15 ans<b><i>, <\/i><\/b>je performe, danse, jongle, enseigne et \u00e9cris. En 2006 je participe \u00e0 la cr\u00e9ation de la FAAAC (Formation Alternative et Autog\u00e9r\u00e9e aux Arts et \u00e0 la Cr\u00e9ation).<\/p>\n<p>En octobre 2010, je co-organise et participe \u00e0 OCTNOV2010, projet de la FAAAC r\u00e9unissant 30 artistes au Portugal pour une r\u00e9sidence itin\u00e9rante et autog\u00e9r\u00e9e. En 2011 je monte le Collectif Protocole r\u00e9unissant 6 jongleurs improvisateurs qui se rassemblent tous les deux mois \u00e0 l\u2019occasion de laboratoires de recherche In Situ. En 2013 je joue les premi\u00e8res de ma nouvelle cr\u00e9ation : <i>Ceci n\u2019est pas un Urinoir<\/i>. Je met \u00e9galement en sc\u00e8ne <i>The Force <\/i>une performance pour 50 personnes dans le cadre du festival itin\u00e9rant en voiliers : Armada 2013. La m\u00eame ann\u00e9e je met en sc\u00e8ne une pi\u00e8ce de jonglage contemporain : <i>Flaque <\/i>de la Cie D\u00e9fracto. En 2014 je met \u00e9galement en sc\u00e8ne la version salle du spectacle <i>Louche pas Louche <\/i>de la compagnie Albatros. C\u2019est pour mon exp\u00e9rience et les liens d\u2019amiti\u00e9 que j\u2019entretiens avec eux qu\u2019Elodie Curado et Franco Debi\u00e8re ont fait appel \u00e0 moi pour \u00eatre le regard ext\u00e9rieur de <i>F+M=8<\/i>.<\/p>\n<p>&nbsp;<\/p>\n<h3><a href=\"http:\/\/cie-veiculo-longo.fr\/wp-content\/uploads\/2014\/03\/fm8V13.pdf\">Dossier de pr\u00e9sentation<\/a><\/h3>\n<h3><a href=\"https:\/\/www.youtube.com\/watch?v=0A1PqbW34OY&amp;t=6s\">Teaser<\/a><\/h3>\n<h3><a href=\"http:\/\/cie-veiculo-longo.fr\/?page_id=718\">Photos<\/a><\/h3>\n<p>&nbsp;<\/p>\n<p>&nbsp;<\/p>\n","protected":false},"excerpt":{"rendered":"<a href=\"https:\/\/cie-veiculo-longo.fr\/?page_id=56\"><img loading=\"lazy\" decoding=\"async\" width=\"150\" height=\"150\" src=\"http:\/\/cie-veiculo-longo.fr\/wp-content\/plugins\/thumbnail-for-excerpts\/tfe_no_thumb.png\" class=\"alignleft wp-post-image tfe\" alt=\"\" title=\"\" \/><\/a><p>SYNOPSIS Deux personnages naviguent \u00e0 vue entre l\u2019absurde et le r\u00e9el des contingences. Fragiles, victimes et bourreaux plac\u00e9s entre l\u2019absurdit\u00e9 et la violence de notre monde contemporain. L\u2019humain face \u00e0 l\u2019humain. Le public traverse les espaces de jeu o\u00f9 se d\u00e9ploie une mosa\u00efque de formes expressives, parfois extraordinaires, parfois minuscules. Interpell\u00e9 dans sa posture de [&hellip;]<\/p>\n","protected":false},"author":1,"featured_media":0,"parent":0,"menu_order":0,"comment_status":"closed","ping_status":"open","template":"","meta":{"footnotes":""},"class_list":["post-56","page","type-page","status-publish","hentry"],"_links":{"self":[{"href":"https:\/\/cie-veiculo-longo.fr\/index.php?rest_route=\/wp\/v2\/pages\/56","targetHints":{"allow":["GET"]}}],"collection":[{"href":"https:\/\/cie-veiculo-longo.fr\/index.php?rest_route=\/wp\/v2\/pages"}],"about":[{"href":"https:\/\/cie-veiculo-longo.fr\/index.php?rest_route=\/wp\/v2\/types\/page"}],"author":[{"embeddable":true,"href":"https:\/\/cie-veiculo-longo.fr\/index.php?rest_route=\/wp\/v2\/users\/1"}],"replies":[{"embeddable":true,"href":"https:\/\/cie-veiculo-longo.fr\/index.php?rest_route=%2Fwp%2Fv2%2Fcomments&post=56"}],"version-history":[{"count":46,"href":"https:\/\/cie-veiculo-longo.fr\/index.php?rest_route=\/wp\/v2\/pages\/56\/revisions"}],"predecessor-version":[{"id":1206,"href":"https:\/\/cie-veiculo-longo.fr\/index.php?rest_route=\/wp\/v2\/pages\/56\/revisions\/1206"}],"wp:attachment":[{"href":"https:\/\/cie-veiculo-longo.fr\/index.php?rest_route=%2Fwp%2Fv2%2Fmedia&parent=56"}],"curies":[{"name":"wp","href":"https:\/\/api.w.org\/{rel}","templated":true}]}}