{"id":619,"date":"2016-08-12T12:39:09","date_gmt":"2016-08-12T12:39:09","guid":{"rendered":"http:\/\/cie-veiculo-longo.fr\/?page_id=619"},"modified":"2024-04-17T15:03:06","modified_gmt":"2024-04-17T15:03:06","slug":"stage","status":"publish","type":"page","link":"https:\/\/cie-veiculo-longo.fr\/?page_id=619","title":{"rendered":"Stage"},"content":{"rendered":"<p style=\"text-align: center;\"><span style=\"font-family: Trebuchet MS, sans-serif;\"><span style=\"font-size: medium;\"><span style=\"color: #000000;\">ST<\/span><span style=\"color: #000000;\">A<\/span><span style=\"color: #000000;\">GE D&rsquo;IMPROVISATIO<\/span><span style=\"color: #000000;\">N<\/span><span style=\"color: #000000;\"> DANS L&rsquo;E<\/span><span style=\"color: #000000;\">S<\/span><span style=\"color: #000000;\">PACE PUBLI<\/span><span style=\"color: #000000;\">C<\/span> <\/span><\/span><\/p>\n<p style=\"text-align: center;\">Prochain stage du 10 au 14 Juin 2024 \u00e0 Chalon sur Sa\u00f4ne. Chez le collectif La M\u00e9andre<\/p>\n<p><span style=\"color: #000000;\"><span style=\"font-family: Trebuchet MS, sans-serif;\"><span style=\"font-size: medium;\">Formatrice -Elodie Curado &#8211; Cie Veiculo Longo<br \/>\nImprovisation dans l\u2019espace public- 15 personnes<\/span><\/span><\/span><\/p>\n<p><a href=\"http:\/\/cie-veiculo-longo.fr\/wp-content\/uploads\/2016\/08\/Visuel-Embrayage.png\"><img loading=\"lazy\" decoding=\"async\" class=\"aligncenter size-full wp-image-1002\" src=\"http:\/\/cie-veiculo-longo.fr\/wp-content\/uploads\/2016\/08\/Visuel-Embrayage.png\" alt=\"\" width=\"3508\" height=\"2480\" srcset=\"https:\/\/cie-veiculo-longo.fr\/wp-content\/uploads\/2016\/08\/Visuel-Embrayage.png 3508w, https:\/\/cie-veiculo-longo.fr\/wp-content\/uploads\/2016\/08\/Visuel-Embrayage-300x212.png 300w, https:\/\/cie-veiculo-longo.fr\/wp-content\/uploads\/2016\/08\/Visuel-Embrayage-768x543.png 768w, https:\/\/cie-veiculo-longo.fr\/wp-content\/uploads\/2016\/08\/Visuel-Embrayage-1024x724.png 1024w\" sizes=\"auto, (max-width: 3508px) 100vw, 3508px\" \/><\/a><\/p>\n<p align=\"LEFT\"><span style=\"color: #000000;\"><span style=\"font-family: Trebuchet MS, sans-serif;\"><span style=\"font-size: medium;\">Espace Public Esp\u00e8ce Politique<\/span><\/span><\/span><\/p>\n<p align=\"LEFT\"><span style=\"color: #000000;\"><span style=\"font-family: Trebuchet MS, sans-serif;\"><span style=\"font-size: medium;\">Ce stage est directement emprunt du travail de la compagnie VEICULO LONGO.<\/span><\/span><\/span><\/p>\n<p>La proposition\u00a0:<\/p>\n<p align=\"JUSTIFY\"><span style=\"color: #000000;\"><span style=\"font-family: Trebuchet MS, sans-serif;\"><span style=\"font-size: medium;\"><br \/>\nEn alliant protocoles d&rsquo; improvisations , errances, jeux, engagement physique et outils d&rsquo; \u00e9ducation populaire, je vous propose une exploration, une mise en jeu dans l&rsquo;espace public.<br \/>\nNous irons chercher un acte de pr\u00e9sence mettant en lumi\u00e8re nos individu.e.s, le groupe et le contexte dans lequel nous \u00e9voluerons, la ville. <\/span><\/span><\/span><\/p>\n<p align=\"LEFT\"><span style=\"color: #000000;\"><span style=\"font-family: Trebuchet MS, sans-serif;\"><span style=\"font-size: medium;\">Nous construirons d&rsquo;abord le groupe et un vocabulaire commun pour pouvoir aborder deux axes majeurs :<\/span><\/span><\/span><\/p>\n<p><u>l\u2019\u00c9tat de pr\u00e9sence en mobilit\u00e9 :<\/u><\/p>\n<p align=\"LEFT\"><span style=\"color: #000000;\"><span style=\"font-family: Trebuchet MS, sans-serif;\"><span style=\"font-size: medium;\">Nous nous mettrons en jeu, en action dans la ville.<br \/>\nNous irons chercher nos figures humaines, nos individu.e.s et tout ce qui les constituent en exploitant des pistes telles que la disponibilit\u00e9 et la r\u00e9activit\u00e9, notre lien et nos r\u00e9actions face aux \u00e9v\u00e9nements quotidiens de la ville, notre rapport au tout petit et au tr\u00e8s grand, notre corporalit\u00e9, notre parole dans un \u00e9tat de pr\u00e9sence simple, brut.<\/span><\/span><\/span><\/p>\n<p align=\"LEFT\"><span style=\"color: #000000;\"><span style=\"font-family: Trebuchet MS, sans-serif;\"><span style=\"font-size: medium;\"><u>Mise en lumi\u00e8re d&rsquo;un espace:<\/u><\/span><\/span><\/span><\/p>\n<p align=\"LEFT\"><span style=\"color: #000000;\"><span style=\"font-family: Trebuchet MS, sans-serif;\"><span style=\"font-size: medium;\"><br \/>\nNous irons d\u00e9crypter les endroits, leurs architectures et agencements, les flux et leurs circulations, les mat\u00e9riaux urbains, la vie en cours.<br \/>\nNous nous servirons de ce qui est pr\u00e9sent pour improviser. Nous irons nourrir cette improvisation avec les outils de chacun.e.s. et ainsi alimenter, naviguer \u00e0 vue, jouer et explorer les possibilit\u00e9s d&rsquo;improvisations \u00e0 travers le temps, l&rsquo;espace, la dramaturgie que chaque geste b\u00e2ti dans des typologies de lieux vari\u00e9es.<\/span><\/span><\/span><\/p>\n<p>La derni\u00e8re journ\u00e9e de stage sera essentiellement d\u00e9di\u00e9e \u00e0 la pr\u00e9sentation de soli.<\/p>\n<p>Ce stage est ouvert \u00e0 toutes personnes curieuses de l&rsquo;improvisation dans l&rsquo;espace public et ayant d\u00e9j\u00e0 une pratique artistique.<\/p>\n<p align=\"LEFT\"><span style=\"color: #000000;\"><span style=\"font-family: Trebuchet MS, sans-serif;\"><span style=\"font-size: medium;\">Il vous est conseill\u00e9 d&rsquo;arriver le dimanche et de repartir le samedi.<\/span><\/span><\/span><\/p>\n<p align=\"LEFT\"><span style=\"color: #000000;\"><span style=\"font-family: Trebuchet MS, sans-serif;\"><span style=\"font-size: medium;\"><b>Tarif\u00a0:<\/b> Prix libre. (150 Euros minimum conseill\u00e9 ) + adh\u00e9sion \u00e0 la Cie Veiculo Longo (Prix libre) + Prix libre pour la participation aux charges du lieu.<br \/>\nAucune avance ne vous sera demand\u00e9e mais l&rsquo;inscription vous engage \u00e0 participer int\u00e9gralement au stage.<\/span><\/span><\/span><\/p>\n<p align=\"LEFT\"><span style=\"color: #000000;\"><span style=\"font-family: Trebuchet MS, sans-serif;\"><span style=\"font-size: medium;\"><br \/>\n<\/span><\/span><\/span><span style=\"color: #000000;\"><span style=\"font-family: Trebuchet MS, sans-serif;\"><span style=\"font-size: medium;\"><b>Lieu :<\/b><\/span><\/span><\/span><span style=\"color: #000000;\"><span style=\"font-family: Trebuchet MS, sans-serif;\"><span style=\"font-size: medium;\"> La M\u00e9andre \/ 1 rue Denis Papin 71100 Chalon sur Sa\u00f4ne.<br \/>\nHoraires : 9h30\/<\/span><\/span><\/span><span style=\"font-family: Trebuchet MS, sans-serif;\"><span style=\"font-size: medium;\">12h3o<\/span><\/span><span style=\"color: #000000;\"><span style=\"font-family: Trebuchet MS, sans-serif;\"><span style=\"font-size: medium;\"> 14hoo\/18hoo<\/span><\/span><\/span><\/p>\n<p align=\"LEFT\"><span style=\"color: #000000;\"><span style=\"font-family: Trebuchet MS, sans-serif;\"><span style=\"font-size: medium;\">Ces horaires pourront \u00eatre adapt\u00e9s selon le d\u00e9roulement de la journ\u00e9e.<\/span><\/span><\/span><\/p>\n<p align=\"LEFT\"><span style=\"color: #000000;\"><span style=\"font-family: Trebuchet MS, sans-serif;\"><span style=\"font-size: medium;\"><b>H\u00e9bergement\u00a0:<\/b> Un h\u00e9bergement est possible sur place en roulotte partag\u00e9e, jusqu&rsquo;\u00e0 4 personnes par roulotte. Merci de pr\u00e9ciser si vous avez besoin d&rsquo;une place d&rsquo;h\u00e9bergement lors de votre inscription.<\/span><\/span><\/span><\/p>\n<p align=\"LEFT\"><span style=\"color: #000000;\"><span style=\"font-family: Trebuchet MS, sans-serif;\"><span style=\"font-size: medium;\"><b>Repas\u00a0:<\/b> Une cuisine collective est disponible sur place.<\/span><\/span><\/span><\/p>\n<p>Vous pouvez vous inscrire en nous contactant ici :<\/p>\n<p align=\"LEFT\"><a href=\"mailto:cie.veiculolongo@gmail.com\">cie.veiculolongo@gmail.com<\/a><span style=\"color: #000000;\"><span style=\"font-family: Trebuchet MS, sans-serif;\"><span style=\"font-size: medium;\"> \u2013 06.32.84.90.51<\/span><\/span><\/span><\/p>\n<p><span style=\"font-family: Trebuchet MS, sans-serif;\">ou aupr\u00e8s de Za\u00efna :<br \/>\n<a href=\"mailto:zaina.lameandre@gmail\">zaina.lameandre@gmail<\/a> &#8211; 06.78.52.80.93<\/span><\/p>\n<p><strong><span style=\"color: #000000;\"><span style=\"font-family: Trebuchet MS, sans-serif;\"><span style=\"font-size: medium;\">ELODIE CURADO<\/span><\/span><\/span><\/strong><\/p>\n<p align=\"JUSTIFY\"><strong><span style=\"font-family: Trebuchet MS, sans-serif;\">Direction artistique de la compagnie VEICULO LONGO<\/span><\/strong><\/p>\n<p align=\"JUSTIFY\"><strong><span style=\"font-family: Trebuchet MS, sans-serif;\">Autrice. Joueuse . Metteuse en rue . Regard ext\u00e9rieur .<\/span><\/strong><\/p>\n<p align=\"JUSTIFY\"><span style=\"font-family: Trebuchet MS, sans-serif;\">C&rsquo;est \u00e0 la suite de son cursus au conservatoire de danse de La Rochelle\u00a0 qu&rsquo;elle d\u00e9cide de sortir des salles pour aller explorer les espaces ext\u00e9rieurs. <\/span><\/p>\n<p align=\"JUSTIFY\"><span style=\"font-family: Trebuchet MS, sans-serif;\">Elle rencontre Karim Sebbar qui l\u2019am\u00e8ne \u00e0 affiner sa recherche artistique dans l&rsquo;espace public.<\/span><\/p>\n<p align=\"JUSTIFY\"><span style=\"font-family: Trebuchet MS, sans-serif;\">Elle se forme \u00e0 l\u2019improvisation, et \u00e0 la danse contact avec Mark Tompkins, Noelle Dalsace et Valerie Lamielle. <\/span><\/p>\n<p align=\"JUSTIFY\"><span style=\"font-family: Trebuchet MS, sans-serif;\">Elle suit la formation : \u00ab La ville en jeu \u00bb en 2009 et \u00ab La ville \u00e0 bras le corps \u00bb en 2012 organis\u00e9 par l\u2019Atelline et la CIA.<\/span><\/p>\n<p align=\"JUSTIFY\"><span style=\"font-family: Trebuchet MS, sans-serif;\">C\u2019est lors de \u00e0 ces formations qu\u2019elle fait les rencontres marquantes avec Didier Taudi\u00e8re de la CIA, Laure Terrier de la Cie Jeanne Simone, Pierre Pilatte de la Cie 1watt ainsi que Mathias forge qui conforteront ses envies quant \u00e0 l\u2019espace public, au notion de l\u2019individu, de la pr\u00e9sence et du rapport au corps dans la ville.<\/span><\/p>\n<p align=\"JUSTIFY\"><span style=\"font-family: Trebuchet MS, sans-serif;\">En 2010, elle int\u00e8gre le collectif FAAAC (Fabrique Alternative Autog\u00e9r\u00e9e aux Arts et \u00e0 la Cr\u00e9ation) avec lequel elle part en r\u00e9sidence itin\u00e9rante au Portugal pendant un mois et demi avec 30 autres artistes. Elle continue les projets europ\u00e9ens avec le collectif, avec entre autre l\u2019organisation de Armada 2013, festival itin\u00e9rant de deux mois en voilier sur la M\u00e9diterran\u00e9e. <\/span><\/p>\n<p align=\"JUSTIFY\"><span style=\"font-family: Trebuchet MS, sans-serif;\">C\u2019est de ces exp\u00e9riences avec la FAAAC qu\u2019elle trouve sa place dans l\u2019organisation de projets collectifs autog\u00e9r\u00e9s. Avec cette envie de creuser les questions de collectif et d\u2019\u00e9galit\u00e9, elle s\u2019int\u00e9resses \u00e0 l\u2019\u00e9ducation populaire gr\u00e2ce, entre autre, aux structures l\u2019Engrenage et STAJ Touraine (scoop et association d\u2019\u00e9ducation populaire).<\/span><\/p>\n<p align=\"JUSTIFY\"><span style=\"font-family: Trebuchet MS, sans-serif;\">Elle cr\u00e9e en 2011 la Compagnie VEICULO LONGO avec laquelle elle \u00e9crit sa premi\u00e8re pi\u00e8ce Facettes ou 1746 kilom\u00e8tres pour comprendre. <\/span><\/p>\n<p align=\"JUSTIFY\"><span style=\"font-family: Trebuchet MS, sans-serif;\">S\u2019en suivra \u00ab Les Attaques Po\u00e9tiques \u00bb en 2013, protocole d\u2019improvisation d\u00e9ambulatoire pour l\u2019espace public.<\/span><\/p>\n<p align=\"JUSTIFY\"><span style=\"font-family: Trebuchet MS, sans-serif;\">En 2017, \u00ab F+M=8 pour parler des choses qui nous d\u00e9passent \u00bb spectacle semi d\u00e9ambulatoire corps action po\u00e9sie pour deux performeurs et un guitariste en live. <\/span><\/p>\n<p align=\"JUSTIFY\"><span style=\"font-family: Trebuchet MS, sans-serif;\">En 2019 elle initie la cr\u00e9ation de la pi\u00e8ce \u00ab\u00a0Glissement de Terrain\u00a0\u00bb, une performance qui tourne en boucle dans la ville.<\/span><\/p>\n<p align=\"JUSTIFY\"><span style=\"font-family: Trebuchet MS, sans-serif;\">Depuis 2016, elle accompagne des compagnies de mani\u00e8re plus ou moins longues en tant que regard ext\u00e9rieur pour leurs cr\u00e9ations. Elle a collabor\u00e9 notamment avec la Cie du Coin, le Th\u00e9\u00e2tre des 3 clous, le Cirque Rouages, le Groupe Amapola, Tatiana Paris, le collectif La M\u00e9andre, la cie Melodiam Vitae&#8230;<\/span><\/p>\n<p align=\"JUSTIFY\"><span style=\"font-family: Trebuchet MS, sans-serif;\">Elle donne \u00e9galement des stages d\u2019improvisation dans l\u2019espace public depuis 2015. Ces stages abordent l\u2019\u00c9tat de pr\u00e9sence en mobilit\u00e9 ainsi que la mise en lumi\u00e8re d\u2019un espace avec les outils de l&rsquo;improvisation in situ dans le contexte particulier de l&rsquo;urbain.<\/span><\/p>\n<p align=\"JUSTIFY\"><span style=\"font-family: Trebuchet MS, sans-serif;\">C&rsquo;est donc avec la Cie VEICULO LONGO qu&rsquo;elle explore, cr\u00e9e et alimente sa recherche artistique depuis 2011.<\/span><\/p>\n<p align=\"JUSTIFY\"><span style=\"font-family: Trebuchet MS, sans-serif;\">Elle s&rsquo;est affirm\u00e9e tout au long de ces ann\u00e9es comme autrice de pi\u00e8ce performative dans et pour l&rsquo;espace public.<\/span><\/p>\n<p align=\"LEFT\"><span style=\"color: #000000;\"><span style=\"font-family: Trebuchet MS, sans-serif;\"><span style=\"font-size: medium;\">Sa d\u00e9marche aujourd&rsquo;hui se situ \u00e0 l&rsquo;endroit de la cr\u00e9ation de protocole d&rsquo;improvisation qui cr\u00e9ent un mouvement dans la ville en incluant le vivant, en s&rsquo;appuyant sur le lieu comme un paysage.<\/span><\/span><\/span><\/p>\n","protected":false},"excerpt":{"rendered":"<a href=\"https:\/\/cie-veiculo-longo.fr\/?page_id=619\"><img loading=\"lazy\" decoding=\"async\" width=\"150\" height=\"150\" src=\"http:\/\/cie-veiculo-longo.fr\/wp-content\/plugins\/thumbnail-for-excerpts\/tfe_no_thumb.png\" class=\"alignleft wp-post-image tfe\" alt=\"\" title=\"\" \/><\/a><p>STAGE D&rsquo;IMPROVISATION DANS L&rsquo;ESPACE PUBLIC Prochain stage du 10 au 14 Juin 2024 \u00e0 Chalon sur Sa\u00f4ne. Chez le collectif La M\u00e9andre Formatrice -Elodie Curado &#8211; Cie Veiculo Longo Improvisation dans l\u2019espace public- 15 personnes Espace Public Esp\u00e8ce Politique Ce stage est directement emprunt du travail de la compagnie VEICULO LONGO. La proposition\u00a0: En alliant [&hellip;]<\/p>\n","protected":false},"author":1,"featured_media":0,"parent":0,"menu_order":0,"comment_status":"closed","ping_status":"closed","template":"","meta":{"footnotes":""},"class_list":["post-619","page","type-page","status-publish","hentry"],"_links":{"self":[{"href":"https:\/\/cie-veiculo-longo.fr\/index.php?rest_route=\/wp\/v2\/pages\/619","targetHints":{"allow":["GET"]}}],"collection":[{"href":"https:\/\/cie-veiculo-longo.fr\/index.php?rest_route=\/wp\/v2\/pages"}],"about":[{"href":"https:\/\/cie-veiculo-longo.fr\/index.php?rest_route=\/wp\/v2\/types\/page"}],"author":[{"embeddable":true,"href":"https:\/\/cie-veiculo-longo.fr\/index.php?rest_route=\/wp\/v2\/users\/1"}],"replies":[{"embeddable":true,"href":"https:\/\/cie-veiculo-longo.fr\/index.php?rest_route=%2Fwp%2Fv2%2Fcomments&post=619"}],"version-history":[{"count":25,"href":"https:\/\/cie-veiculo-longo.fr\/index.php?rest_route=\/wp\/v2\/pages\/619\/revisions"}],"predecessor-version":[{"id":1273,"href":"https:\/\/cie-veiculo-longo.fr\/index.php?rest_route=\/wp\/v2\/pages\/619\/revisions\/1273"}],"wp:attachment":[{"href":"https:\/\/cie-veiculo-longo.fr\/index.php?rest_route=%2Fwp%2Fv2%2Fmedia&parent=619"}],"curies":[{"name":"wp","href":"https:\/\/api.w.org\/{rel}","templated":true}]}}