{"id":698,"date":"2017-10-24T13:20:34","date_gmt":"2017-10-24T13:20:34","guid":{"rendered":"http:\/\/cie-veiculo-longo.fr\/?page_id=698"},"modified":"2025-06-16T13:38:50","modified_gmt":"2025-06-16T13:38:50","slug":"equipe","status":"publish","type":"page","link":"https:\/\/cie-veiculo-longo.fr\/?page_id=698","title":{"rendered":"l&rsquo;\u00e9quipe"},"content":{"rendered":"<h3 style=\"text-align: left;\"><strong> <a href=\"http:\/\/cie-veiculo-longo.fr\/wp-content\/uploads\/2021\/05\/JHL_3167-veiculo-longo-attaques-poetiques.jpg\"><img loading=\"lazy\" decoding=\"async\" class=\"wp-image-1183 alignleft\" src=\"http:\/\/cie-veiculo-longo.fr\/wp-content\/uploads\/2021\/05\/JHL_3167-veiculo-longo-attaques-poetiques.jpg\" alt=\"\" width=\"278\" height=\"417\" srcset=\"https:\/\/cie-veiculo-longo.fr\/wp-content\/uploads\/2021\/05\/JHL_3167-veiculo-longo-attaques-poetiques.jpg 1819w, https:\/\/cie-veiculo-longo.fr\/wp-content\/uploads\/2021\/05\/JHL_3167-veiculo-longo-attaques-poetiques-200x300.jpg 200w, https:\/\/cie-veiculo-longo.fr\/wp-content\/uploads\/2021\/05\/JHL_3167-veiculo-longo-attaques-poetiques-768x1152.jpg 768w, https:\/\/cie-veiculo-longo.fr\/wp-content\/uploads\/2021\/05\/JHL_3167-veiculo-longo-attaques-poetiques-683x1024.jpg 683w\" sizes=\"auto, (max-width: 278px) 100vw, 278px\" \/><\/a><\/strong><\/h3>\n<h3><strong>Elodie Curado \/ joueuse \/ mise en rue \/ direction artistique<br \/>\n<\/strong><\/h3>\n<p>Apr\u00e8s son cursus au conservatoire, elle d\u00e9cide de briser les cadres, de sortir des salles pour aller explorer les espaces ext\u00e9rieurs, elle rencontre Karim Sebbar qui l&rsquo;am\u00e8ne \u00e0 affiner sa recherche artistique et \u00e0 suivre la formation : \u00ab La ville en jeu \u00bb en 2009 et \u00ab La ville \u00e0 bras le corps \u00bb en 2012 organis\u00e9 par l\u2019Atelline et la CIA. C\u2019est ainsi qu&rsquo;elle rencontre Laure Terrier de la Cie Jeanne Simone, Pierre Pilatte de la Cie 1watt et Mathias forge qui conforteront ses envies quant aux questions de l\u2019espace public, de l\u2019individu, de la pr\u00e9sence et du rapport au corps. Dans cette m\u00eame direction, elle se forme aussi \u00e0 l\u2019improvisation, et \u00e0 la danse contact avec Mark Tompkins, Noelle Dalsace et Valerie Lamielle. En 2010, elle int\u00e8gre le collectif FAAAC (Fabrique Alternative Autog\u00e9r\u00e9e aux Arts et \u00e0 la Cr\u00e9ation) avec lequel elle part en r\u00e9sidence itin\u00e9rante au Portugal pendant un mois et demi avec 30 autres artistes. elle continue les projets europ\u00e9ens avec le collectif, avec entre autre l&rsquo;organisation de Armada 2013, festival itin\u00e9rant de deux mois en voilier sur la M\u00e9diterran\u00e9e. C&rsquo;est de ces exp\u00e9riences avec la FAAAC qu&rsquo;elle trouve sa place dans l&rsquo;organisation de projets collectifs autog\u00e9r\u00e9s. Avec cette envie de creuser les questions de collectif et d&rsquo;\u00e9galit\u00e9, elle s&rsquo;int\u00e9resses \u00e0 l&rsquo;\u00e9ducation populaire gr\u00e2ce, entre autre, aux structures l&rsquo;Engrenage et STAJ Touraine (scoop et association d&rsquo;\u00e9ducation populaire).<\/p>\n<p>C\u2019est forte de ces exp\u00e9riences qu&rsquo;elle cr\u00e9e en 2011 la Compagnie Veiculo Longo avec laquelle elle \u00e9crti sa premi\u00e8re pi\u00e8ce Facettes ou 1746 kilom\u00e8tres pour comprendre. S&rsquo;en suivra \u00ab Les attaques po\u00e9tiques \u00bb en 2013, protocole d&rsquo;improvisation d\u00e9ambulatoire pour l&rsquo;espace public ainsi que, en 2017 \u00ab F+M=8 pour parler des choses qui nous d\u00e9passent \u00bb spectacle semi d\u00e9ambulatoire corps action po\u00e9sie pour deux performers et un guitariste en live. En 2019 elle initie la cr\u00e9ation de la pi\u00e8ce \u00ab\u00a0Glissement de Terrain\u00a0\u00bb, une performance qui tourne en boucle dans la ville.<\/p>\n<p>Depuis 2016, elle accompagne des compagnies de mani\u00e8re plus ou moins longues en tant que regard ext\u00e9rieur pour leurs cr\u00e9ations. Elle a collabor\u00e9 notamment avec la Cie du coin, le th\u00e9\u00e2tre des 3 clous, le cirque Rouages, le groupe Amapola, Tatiana Paris, le collectif La M\u00e9andre ou encore la cie Melodiam Vitae.<\/p>\n<p>Elle donne \u00e9galement des stages d&rsquo;improvisation dans l&rsquo;espace public depuis 2015.<\/p>\n<h3><\/h3>\n<h3 style=\"text-align: right;\"><strong><a href=\"http:\/\/cie-veiculo-longo.fr\/wp-content\/uploads\/2022\/06\/veiculo-longo_glissement-de-terrain_loic-nys_sileks-8_51397893882_o.jpg\"><img loading=\"lazy\" decoding=\"async\" class=\"wp-image-1236 alignright\" src=\"http:\/\/cie-veiculo-longo.fr\/wp-content\/uploads\/2022\/06\/veiculo-longo_glissement-de-terrain_loic-nys_sileks-8_51397893882_o.jpg\" alt=\"\" width=\"362\" height=\"241\" srcset=\"https:\/\/cie-veiculo-longo.fr\/wp-content\/uploads\/2022\/06\/veiculo-longo_glissement-de-terrain_loic-nys_sileks-8_51397893882_o.jpg 1920w, https:\/\/cie-veiculo-longo.fr\/wp-content\/uploads\/2022\/06\/veiculo-longo_glissement-de-terrain_loic-nys_sileks-8_51397893882_o-300x200.jpg 300w, https:\/\/cie-veiculo-longo.fr\/wp-content\/uploads\/2022\/06\/veiculo-longo_glissement-de-terrain_loic-nys_sileks-8_51397893882_o-768x512.jpg 768w, https:\/\/cie-veiculo-longo.fr\/wp-content\/uploads\/2022\/06\/veiculo-longo_glissement-de-terrain_loic-nys_sileks-8_51397893882_o-1024x683.jpg 1024w\" sizes=\"auto, (max-width: 362px) 100vw, 362px\" \/><\/a> Manuel Marcos \/ joueur<\/strong><\/h3>\n<p style=\"text-align: justify;\">Issu d\u2019une formation artistique pluridisciplinaire au CITAC (Coimbra \/ Portugal), il m\u00e8ne depuis plusieurs ann\u00e9es une recherche de com\u00e9dien qui s\u2019articule autour du rapport entre l\u2019homme et la mati\u00e8re. En m\u00ealant un travail de corps et d\u2019\u00e9coute il tente de se fondre dans l\u2019espace urbain pour le faire parler, pour souligner ses paradoxes, ses limites mais aussi les possibles qu\u2019il offre. En parall\u00e8le, il construit, invente, con\u00e7oit des sc\u00e9nographies, des installations plastiques. Il fait partie des membres fondateurs du Collectif La M\u00e9andre.<br \/>\nIl est aussi com\u00e9dien pour les compagnies LABS, L\u2019Oeil de P\u00e9n\u00e9lope, Les Arracheurs de Dents.<\/p>\n<p>&nbsp;<\/p>\n<h3 style=\"text-align: justify;\"><a href=\"http:\/\/cie-veiculo-longo.fr\/wp-content\/uploads\/2021\/05\/P1208666_cb.jpg\"><img loading=\"lazy\" decoding=\"async\" class=\"wp-image-1182 alignleft\" src=\"http:\/\/cie-veiculo-longo.fr\/wp-content\/uploads\/2021\/05\/P1208666_cb.jpg\" alt=\"\" width=\"491\" height=\"368\" srcset=\"https:\/\/cie-veiculo-longo.fr\/wp-content\/uploads\/2021\/05\/P1208666_cb.jpg 5184w, https:\/\/cie-veiculo-longo.fr\/wp-content\/uploads\/2021\/05\/P1208666_cb-300x225.jpg 300w, https:\/\/cie-veiculo-longo.fr\/wp-content\/uploads\/2021\/05\/P1208666_cb-768x576.jpg 768w, https:\/\/cie-veiculo-longo.fr\/wp-content\/uploads\/2021\/05\/P1208666_cb-1024x768.jpg 1024w\" sizes=\"auto, (max-width: 491px) 100vw, 491px\" \/><\/a><strong>Aur\u00e9lien Blandeau \/ joueur<\/strong><\/h3>\n<p style=\"text-align: justify;\"><span style=\"font-size: medium;\">Aur\u00e9lien Blandeau est n\u00e9 un 21\/06\/1982 \u00e0 la maternit\u00e9 de la sagesse. Il grandit dans une maison faite de parpaings entour\u00e9e d&rsquo;autres maisons faites \u00e0 peu pr\u00e8s toutes de la m\u00eame mani\u00e8re.<\/span>I<span style=\"color: #000000;\"><span style=\"font-family: NexusSans-Regular, serif;\"><span style=\"font-size: medium;\">l y vit une enfance douce et heureuse faite d\u2019insouciance et de jeux. Il grandit et part vivre en Vend\u00e9e, donne du soucis \u00e0 ses parents durant son adolescence et finit dans l\u2019urgence sa scolarit\u00e9 distingu\u00e9 d\u2019un BEP\/CAP h\u00f4tellerie restauration. <\/span><\/span><\/span><span style=\"color: #000000;\"><span style=\"font-family: NexusSans-Regular, serif;\"><span style=\"font-size: medium;\">Pas vraiment passionn\u00e9 par l\u2019id\u00e9e de carri\u00e8re ou de retraite, il pr\u00e9f\u00e8re profiter de cet instant de nouveau d\u00e9part pour parcourir le monde. De fil en aiguille, de rencontres en \u00e9checs, d\u2019errances en missions de travailleur social, il d\u00e9couvre le clown. Il s\u2019accoquine \u00e0 cette pratique, la teste furtivement aupr\u00e8s d\u2019illustres, l\u2019appr\u00e9hende seul, se cherche en \u00e9cole et autres stages, se passionne et co-fonde les arracheurs de dents, cie de th\u00e9\u00e2tre de rue qui a pour rire, dire et jouer un humour tirant au noir, l\u00e9g\u00e8rement cynique, politique, d\u00e9suet et humain. Ils aiment pratiquer la p\u00e9dagogie, les \u00e9critures \u00e0 entr\u00e9es multiples, voyager, le catch et la lucha libre, les esth\u00e9tiques qui ne sont pas reconnues comme telles.<\/span><\/span><\/span><\/p>\n<p>&nbsp;<\/p>\n<h3 style=\"text-align: left;\"><a href=\"http:\/\/cie-veiculo-longo.fr\/wp-content\/uploads\/2021\/01\/ppp_guitar.jpg\"><img loading=\"lazy\" decoding=\"async\" class=\"wp-image-1148 alignleft\" src=\"http:\/\/cie-veiculo-longo.fr\/wp-content\/uploads\/2021\/01\/ppp_guitar.jpg\" alt=\"\" width=\"349\" height=\"235\" srcset=\"https:\/\/cie-veiculo-longo.fr\/wp-content\/uploads\/2021\/01\/ppp_guitar.jpg 1818w, https:\/\/cie-veiculo-longo.fr\/wp-content\/uploads\/2021\/01\/ppp_guitar-300x203.jpg 300w, https:\/\/cie-veiculo-longo.fr\/wp-content\/uploads\/2021\/01\/ppp_guitar-768x519.jpg 768w, https:\/\/cie-veiculo-longo.fr\/wp-content\/uploads\/2021\/01\/ppp_guitar-1024x692.jpg 1024w\" sizes=\"auto, (max-width: 349px) 100vw, 349px\" \/><\/a><strong>Pierre Signolat \/ Musicien<br \/>\n<\/strong><\/h3>\n<p style=\"text-align: justify;\">Artiste autodidacte int\u00e9ress\u00e9 par les \u00e9quipements et situations disfonctionnels. Sous le nom de Pierre Pierre Pierre, il travail avec des instruments electroniques faits-main, des appareils hifi domestiques ou des langages de programmation informatique d\u00e9di\u00e9s \u00e0 la synth\u00e8se sonore.<br \/>\nA collabor\u00e9 entre autre avec Clinch (AV2), Will Guthrie (WAV2), Rui Leal (RRR), Omnisphinx (Ubino GT) sur des projets purement musicaux.<br \/>\nIl participe aussi \u00e0 d&rsquo;autres projets interdisciplinaires avec la danse (duo d&rsquo;improvisation Lala Pipi), le cin\u00e9ma en 16mm (Z\u00e9ro Pixel et Prana Cotta) ou le proto-cin\u00e9-concert Bulb.De 2007 \u00e0 2014 il anime et r\u00e9alise plusieurs \u00e9missions de radio (chroniques musicales, entretiens et fictions) sur D4B (Melle) et Prun&rsquo; (Nantes). (Ex)-Membre de CABLE#, festival de musiques exp\u00e9rimentales, et Mire, association de cin\u00e9ma experimental, \u00e0 Nantes. PPP est maintenant derri\u00e8re 50hz et organise des \u00e9v\u00e8nements sporadiques dans divers lieux.<\/p>\n<p>&nbsp;<\/p>\n<p>&nbsp;<\/p>\n<h3 style=\"text-align: justify;\"><\/h3>\n<h3 style=\"text-align: justify;\"><\/h3>\n<h3 style=\"text-align: justify;\"><\/h3>\n<h3 style=\"text-align: justify;\"><\/h3>\n<h3 style=\"text-align: justify;\"><\/h3>\n<h3 id=\":15x\" class=\"hq gt a10\" style=\"text-align: justify;\"><strong>\u00a0<\/strong><\/h3>\n<div style=\"text-align: justify;\"><\/div>\n<p style=\"text-align: justify;\">\n","protected":false},"excerpt":{"rendered":"<a href=\"https:\/\/cie-veiculo-longo.fr\/?page_id=698\"><img loading=\"lazy\" decoding=\"async\" width=\"150\" height=\"150\" src=\"http:\/\/cie-veiculo-longo.fr\/wp-content\/plugins\/thumbnail-for-excerpts\/tfe_no_thumb.png\" class=\"alignleft wp-post-image tfe\" alt=\"\" title=\"\" \/><\/a><p>Elodie Curado \/ joueuse \/ mise en rue \/ direction artistique Apr\u00e8s son cursus au conservatoire, elle d\u00e9cide de briser les cadres, de sortir des salles pour aller explorer les espaces ext\u00e9rieurs, elle rencontre Karim Sebbar qui l&rsquo;am\u00e8ne \u00e0 affiner sa recherche artistique et \u00e0 suivre la formation : \u00ab La ville en jeu \u00bb [&hellip;]<\/p>\n","protected":false},"author":1,"featured_media":0,"parent":0,"menu_order":0,"comment_status":"closed","ping_status":"closed","template":"","meta":{"footnotes":""},"class_list":["post-698","page","type-page","status-publish","hentry"],"_links":{"self":[{"href":"https:\/\/cie-veiculo-longo.fr\/index.php?rest_route=\/wp\/v2\/pages\/698","targetHints":{"allow":["GET"]}}],"collection":[{"href":"https:\/\/cie-veiculo-longo.fr\/index.php?rest_route=\/wp\/v2\/pages"}],"about":[{"href":"https:\/\/cie-veiculo-longo.fr\/index.php?rest_route=\/wp\/v2\/types\/page"}],"author":[{"embeddable":true,"href":"https:\/\/cie-veiculo-longo.fr\/index.php?rest_route=\/wp\/v2\/users\/1"}],"replies":[{"embeddable":true,"href":"https:\/\/cie-veiculo-longo.fr\/index.php?rest_route=%2Fwp%2Fv2%2Fcomments&post=698"}],"version-history":[{"count":58,"href":"https:\/\/cie-veiculo-longo.fr\/index.php?rest_route=\/wp\/v2\/pages\/698\/revisions"}],"predecessor-version":[{"id":1277,"href":"https:\/\/cie-veiculo-longo.fr\/index.php?rest_route=\/wp\/v2\/pages\/698\/revisions\/1277"}],"wp:attachment":[{"href":"https:\/\/cie-veiculo-longo.fr\/index.php?rest_route=%2Fwp%2Fv2%2Fmedia&parent=698"}],"curies":[{"name":"wp","href":"https:\/\/api.w.org\/{rel}","templated":true}]}}

l&rsquo;équipe

<h3 style="text-align: left;"><strong> <a href="http://cie-veiculo-longo.fr/wp-content/uploads/2021/05/JHL_3167-veiculo-longo-attaques-poetiques.jpg"><img loading="lazy" decoding="async" class="wp-image-1183 alignleft" src="http://cie-veiculo-longo.fr/wp-content/uploads/2021/05/JHL_3167-veiculo-longo-attaques-poetiques.jpg" alt="" width="278" height="417" srcset="https://cie-veiculo-longo.fr/wp-content/uploads/2021/05/JHL_3167-veiculo-longo-attaques-poetiques.jpg 1819w, https://cie-veiculo-longo.fr/wp-content/uploads/2021/05/JHL_3167-veiculo-longo-attaques-poetiques-200x300.jpg 200w, https://cie-veiculo-longo.fr/wp-content/uploads/2021/05/JHL_3167-veiculo-longo-attaques-poetiques-768x1152.jpg 768w, https://cie-veiculo-longo.fr/wp-content/uploads/2021/05/JHL_3167-veiculo-longo-attaques-poetiques-683x1024.jpg 683w" sizes="auto, (max-width: 278px) 100vw, 278px" /></a></strong></h3>
<h3><strong>Elodie Curado / joueuse / mise en rue / direction artistique<br />
</strong></h3>
<p>Après son cursus au conservatoire, elle décide de briser les cadres, de sortir des salles pour aller explorer les espaces extérieurs, elle rencontre Karim Sebbar qui l&rsquo;amène à affiner sa recherche artistique et à suivre la formation : « La ville en jeu » en 2009 et « La ville à bras le corps » en 2012 organisé par l’Atelline et la CIA. C’est ainsi qu&rsquo;elle rencontre Laure Terrier de la Cie Jeanne Simone, Pierre Pilatte de la Cie 1watt et Mathias forge qui conforteront ses envies quant aux questions de l’espace public, de l’individu, de la présence et du rapport au corps. Dans cette même direction, elle se forme aussi à l’improvisation, et à la danse contact avec Mark Tompkins, Noelle Dalsace et Valerie Lamielle. En 2010, elle intègre le collectif FAAAC (Fabrique Alternative Autogérée aux Arts et à la Création) avec lequel elle part en résidence itinérante au Portugal pendant un mois et demi avec 30 autres artistes. elle continue les projets européens avec le collectif, avec entre autre l&rsquo;organisation de Armada 2013, festival itinérant de deux mois en voilier sur la Méditerranée. C&rsquo;est de ces expériences avec la FAAAC qu&rsquo;elle trouve sa place dans l&rsquo;organisation de projets collectifs autogérés. Avec cette envie de creuser les questions de collectif et d&rsquo;égalité, elle s&rsquo;intéresses à l&rsquo;éducation populaire grâce, entre autre, aux structures l&rsquo;Engrenage et STAJ Touraine (scoop et association d&rsquo;éducation populaire).</p>
<p>C’est forte de ces expériences qu&rsquo;elle crée en 2011 la Compagnie Veiculo Longo avec laquelle elle écrti sa première pièce Facettes ou 1746 kilomètres pour comprendre. S&rsquo;en suivra « Les attaques poétiques » en 2013, protocole d&rsquo;improvisation déambulatoire pour l&rsquo;espace public ainsi que, en 2017 « F+M=8 pour parler des choses qui nous dépassent » spectacle semi déambulatoire corps action poésie pour deux performers et un guitariste en live. En 2019 elle initie la création de la pièce « Glissement de Terrain », une performance qui tourne en boucle dans la ville.</p>
<p>Depuis 2016, elle accompagne des compagnies de manière plus ou moins longues en tant que regard extérieur pour leurs créations. Elle a collaboré notamment avec la Cie du coin, le théâtre des 3 clous, le cirque Rouages, le groupe Amapola, Tatiana Paris, le collectif La Méandre ou encore la cie Melodiam Vitae.</p>
<p>Elle donne également des stages d&rsquo;improvisation dans l&rsquo;espace public depuis 2015.</p>
<h3></h3>
<h3 style="text-align: right;"><strong><a href="http://cie-veiculo-longo.fr/wp-content/uploads/2022/06/veiculo-longo_glissement-de-terrain_loic-nys_sileks-8_51397893882_o.jpg"><img loading="lazy" decoding="async" class="wp-image-1236 alignright" src="http://cie-veiculo-longo.fr/wp-content/uploads/2022/06/veiculo-longo_glissement-de-terrain_loic-nys_sileks-8_51397893882_o.jpg" alt="" width="362" height="241" srcset="https://cie-veiculo-longo.fr/wp-content/uploads/2022/06/veiculo-longo_glissement-de-terrain_loic-nys_sileks-8_51397893882_o.jpg 1920w, https://cie-veiculo-longo.fr/wp-content/uploads/2022/06/veiculo-longo_glissement-de-terrain_loic-nys_sileks-8_51397893882_o-300x200.jpg 300w, https://cie-veiculo-longo.fr/wp-content/uploads/2022/06/veiculo-longo_glissement-de-terrain_loic-nys_sileks-8_51397893882_o-768x512.jpg 768w, https://cie-veiculo-longo.fr/wp-content/uploads/2022/06/veiculo-longo_glissement-de-terrain_loic-nys_sileks-8_51397893882_o-1024x683.jpg 1024w" sizes="auto, (max-width: 362px) 100vw, 362px" /></a> Manuel Marcos / joueur</strong></h3>
<p style="text-align: justify;">Issu d’une formation artistique pluridisciplinaire au CITAC (Coimbra / Portugal), il mène depuis plusieurs années une recherche de comédien qui s’articule autour du rapport entre l’homme et la matière. En mêlant un travail de corps et d’écoute il tente de se fondre dans l’espace urbain pour le faire parler, pour souligner ses paradoxes, ses limites mais aussi les possibles qu’il offre. En parallèle, il construit, invente, conçoit des scénographies, des installations plastiques. Il fait partie des membres fondateurs du Collectif La Méandre.<br />
Il est aussi comédien pour les compagnies LABS, L’Oeil de Pénélope, Les Arracheurs de Dents.</p>
<p>&nbsp;</p>
<h3 style="text-align: justify;"><a href="http://cie-veiculo-longo.fr/wp-content/uploads/2021/05/P1208666_cb.jpg"><img loading="lazy" decoding="async" class="wp-image-1182 alignleft" src="http://cie-veiculo-longo.fr/wp-content/uploads/2021/05/P1208666_cb.jpg" alt="" width="491" height="368" srcset="https://cie-veiculo-longo.fr/wp-content/uploads/2021/05/P1208666_cb.jpg 5184w, https://cie-veiculo-longo.fr/wp-content/uploads/2021/05/P1208666_cb-300x225.jpg 300w, https://cie-veiculo-longo.fr/wp-content/uploads/2021/05/P1208666_cb-768x576.jpg 768w, https://cie-veiculo-longo.fr/wp-content/uploads/2021/05/P1208666_cb-1024x768.jpg 1024w" sizes="auto, (max-width: 491px) 100vw, 491px" /></a><strong>Aurélien Blandeau / joueur</strong></h3>
<p style="text-align: justify;"><span style="font-size: medium;">Aurélien Blandeau est né un 21/06/1982 à la maternité de la sagesse. Il grandit dans une maison faite de parpaings entourée d&rsquo;autres maisons faites à peu près toutes de la même manière.</span>I<span style="color: #000000;"><span style="font-family: NexusSans-Regular, serif;"><span style="font-size: medium;">l y vit une enfance douce et heureuse faite d’insouciance et de jeux. Il grandit et part vivre en Vendée, donne du soucis à ses parents durant son adolescence et finit dans l’urgence sa scolarité distingué d’un BEP/CAP hôtellerie restauration. </span></span></span><span style="color: #000000;"><span style="font-family: NexusSans-Regular, serif;"><span style="font-size: medium;">Pas vraiment passionné par l’idée de carrière ou de retraite, il préfère profiter de cet instant de nouveau départ pour parcourir le monde. De fil en aiguille, de rencontres en échecs, d’errances en missions de travailleur social, il découvre le clown. Il s’accoquine à cette pratique, la teste furtivement auprès d’illustres, l’appréhende seul, se cherche en école et autres stages, se passionne et co-fonde les arracheurs de dents, cie de théâtre de rue qui a pour rire, dire et jouer un humour tirant au noir, légèrement cynique, politique, désuet et humain. Ils aiment pratiquer la pédagogie, les écritures à entrées multiples, voyager, le catch et la lucha libre, les esthétiques qui ne sont pas reconnues comme telles.</span></span></span></p>
<p>&nbsp;</p>
<h3 style="text-align: left;"><a href="http://cie-veiculo-longo.fr/wp-content/uploads/2021/01/ppp_guitar.jpg"><img loading="lazy" decoding="async" class="wp-image-1148 alignleft" src="http://cie-veiculo-longo.fr/wp-content/uploads/2021/01/ppp_guitar.jpg" alt="" width="349" height="235" srcset="https://cie-veiculo-longo.fr/wp-content/uploads/2021/01/ppp_guitar.jpg 1818w, https://cie-veiculo-longo.fr/wp-content/uploads/2021/01/ppp_guitar-300x203.jpg 300w, https://cie-veiculo-longo.fr/wp-content/uploads/2021/01/ppp_guitar-768x519.jpg 768w, https://cie-veiculo-longo.fr/wp-content/uploads/2021/01/ppp_guitar-1024x692.jpg 1024w" sizes="auto, (max-width: 349px) 100vw, 349px" /></a><strong>Pierre Signolat / Musicien<br />
</strong></h3>
<p style="text-align: justify;">Artiste autodidacte intéressé par les équipements et situations disfonctionnels. Sous le nom de Pierre Pierre Pierre, il travail avec des instruments electroniques faits-main, des appareils hifi domestiques ou des langages de programmation informatique dédiés à la synthèse sonore.<br />
A collaboré entre autre avec Clinch (AV2), Will Guthrie (WAV2), Rui Leal (RRR), Omnisphinx (Ubino GT) sur des projets purement musicaux.<br />
Il participe aussi à d&rsquo;autres projets interdisciplinaires avec la danse (duo d&rsquo;improvisation Lala Pipi), le cinéma en 16mm (Zéro Pixel et Prana Cotta) ou le proto-ciné-concert Bulb.De 2007 à 2014 il anime et réalise plusieurs émissions de radio (chroniques musicales, entretiens et fictions) sur D4B (Melle) et Prun&rsquo; (Nantes). (Ex)-Membre de CABLE#, festival de musiques expérimentales, et Mire, association de cinéma experimental, à Nantes. PPP est maintenant derrière 50hz et organise des évènements sporadiques dans divers lieux.</p>
<p>&nbsp;</p>
<p>&nbsp;</p>
<h3 style="text-align: justify;"></h3>
<h3 style="text-align: justify;"></h3>
<h3 style="text-align: justify;"></h3>
<h3 style="text-align: justify;"></h3>
<h3 style="text-align: justify;"></h3>
<h3 id=":15x" class="hq gt a10" style="text-align: justify;"><strong> </strong></h3>
<div style="text-align: justify;"></div>
<p style="text-align: justify;">

<a href="https://cie-veiculo-longo.fr/?page_id=698"><img loading="lazy" decoding="async" width="150" height="150" src="http://cie-veiculo-longo.fr/wp-content/plugins/thumbnail-for-excerpts/tfe_no_thumb.png" class="alignleft wp-post-image tfe" alt="" title="" /></a><p>Elodie Curado / joueuse / mise en rue / direction artistique Après son cursus au conservatoire, elle décide de briser les cadres, de sortir des salles pour aller explorer les espaces extérieurs, elle rencontre Karim Sebbar qui l&rsquo;amène à affiner sa recherche artistique et à suivre la formation : « La ville en jeu » [&hellip;]</p>
