{"id":905,"date":"2018-03-29T14:14:20","date_gmt":"2018-03-29T14:14:20","guid":{"rendered":"http:\/\/cie-veiculo-longo.fr\/?page_id=905"},"modified":"2023-10-30T15:27:15","modified_gmt":"2023-10-30T15:27:15","slug":"creation-2020","status":"publish","type":"page","link":"https:\/\/cie-veiculo-longo.fr\/?page_id=905","title":{"rendered":"GLISSEMENT DE TERRAIN. Identit\u00e9s et forces collectives. Cr\u00e9ation 2021"},"content":{"rendered":"\r\n<p>&nbsp;<\/p>\r\n\r\n\r\n\r\n<p>&nbsp;<\/p>\r\n\r\n<p style=\"text-align: justify;\"><a href=\"http:\/\/cie-veiculo-longo.fr\/wp-content\/uploads\/2019\/08\/Glissement-de-terrain-p.1-V2.jpeg\"><img loading=\"lazy\" decoding=\"async\" class=\"wp-image-1052 alignright\" src=\"http:\/\/cie-veiculo-longo.fr\/wp-content\/uploads\/2019\/08\/Glissement-de-terrain-p.1-V2.jpeg\" alt=\"\" width=\"304\" height=\"430\" srcset=\"https:\/\/cie-veiculo-longo.fr\/wp-content\/uploads\/2019\/08\/Glissement-de-terrain-p.1-V2.jpeg 1754w, https:\/\/cie-veiculo-longo.fr\/wp-content\/uploads\/2019\/08\/Glissement-de-terrain-p.1-V2-212x300.jpeg 212w, https:\/\/cie-veiculo-longo.fr\/wp-content\/uploads\/2019\/08\/Glissement-de-terrain-p.1-V2-768x1086.jpeg 768w, https:\/\/cie-veiculo-longo.fr\/wp-content\/uploads\/2019\/08\/Glissement-de-terrain-p.1-V2-724x1024.jpeg 724w\" sizes=\"auto, (max-width: 304px) 100vw, 304px\" \/><\/a><em>\u00ab Quelle est cette affaire de trou qui nous anime ? Quelle <\/em><em>est cette ville ? Et l&rsquo;affaire d&rsquo;y vivre. Pour y creuser soi ? <\/em><em>Soi m\u00eame est absent de toute ville. Ou alors il est entrav\u00e9 <\/em><em>par sa posture, musel\u00e9 dans ses tics et ses trucs. <\/em><em>Il ne revient \u00e0 lui que par la bande, par tout ce qui a \u00e9t\u00e9 <\/em><em>prononc\u00e9 et qui aurait pu rester dans l&rsquo;air. Je vis dans la <\/em><em>nature insupportable de l&rsquo;homme, la ville et son trou, son <\/em><em>milieu naturel. Et c&rsquo;est l\u00e0 dedans, dans le milieu de la <\/em><em>parole non parl\u00e9e et des gestes larv\u00e9s et des violences <\/em><em>t\u00e9l\u00e9visuelles et du patronat et de la b\u00eatise comme culture <\/em><em>nationale, que je vis. <\/em><em>Dans ce trou l\u00e0, cette fosse sceptique de tout ce que les <\/em><em>humains peuvent faire pour se d\u00e9barrasser de la pens\u00e9e. <\/em><em>Et notre seul concept sera de tenter malgr\u00e9 tout d&rsquo;y <\/em><em>prendre l&rsquo;air. Prendre tout. Dire tout et m\u00eame son <\/em><em>contraire. S&rsquo;\u00e9garer dans le voisinage, emporter deux trois <\/em><em>id\u00e9es, traverser quelques histoires, en aimer quelques<\/em><br \/><em>une, et quitter toutes les autres, jusqu&rsquo;\u00e0 occuper seul le <\/em><em>terrain de l&rsquo;angoisse. Le terrain de sa propre langue o\u00f9 <\/em><em>tout est \u00e0 faire.<\/em><br \/><em>Je fais de la po\u00e9sie parce que demain je suis mort. \u00bb<\/em><\/p>\r\n<p style=\"text-align: justify;\">La ville est un trou, Charles Pennequin.<\/p>\r\n<p>&nbsp;<\/p>\r\n<p>&nbsp;<\/p>\r\n<p style=\"text-align: justify;\"><strong>SYNOPSIS<\/strong><\/p>\r\n<p style=\"text-align: justify;\">Trois individu.es nous offrent leurs regards sur la ville,<br \/>leurs rapports au monde.<br \/><br \/>Tourner en rond. Ils et elles ont d\u00e9cid\u00e9 de tourner en<br \/>rond, en boucle, d\u2019aller creuser dans les couches de<br \/>ces rues jusqu\u2019\u00e0 se laisser d\u00e9border, jusqu\u2019\u00e0 trouver ce<br \/>qu\u2019il y a d\u2019essentiel dans leurs mani\u00e8res de les traverser,<br \/>de les habiter. Une ville de chair et d\u2019os.<\/p>\r\n<p style=\"text-align: justify;\"><br \/>Sur cette boucle, ils et elles se laissent toucher par des<br \/>\u00e9v\u00e9nements quotidiens, traverser par leurs pulsions,<br \/>leurs d\u00e9sirs et nous donnent \u00e0 voir leurs mani\u00e8res de<br \/>r\u00e9agir, ensemble ou s\u00e9par\u00e9ment. Ces trois figures fortes<br \/>affrontent cette r\u00e9alit\u00e9 de plein fouet.<\/p>\r\n<p style=\"text-align: justify;\">A travers cette rencontre avec l\u2019endroit, ils et elles mettent en lumi\u00e8re<br \/>leurs valeurs, leurs contradictions, l\u2019ironie et l\u2019absurdit\u00e9<br \/>de ces situations, mais aussi ce qui les d\u00e9passe.<\/p>\r\n<p style=\"text-align: justify;\"><br \/>Cette histoire, ce spectacle est une forme qui se d\u00e9place,<br \/>qui est vivante. Ces personnes l\u2019interpr\u00e8tent avec ce<br \/>qu\u2019elles sont, en mettant leurs corps en jeu, elle ne leur<br \/>appartient pas exclusivement.<\/p>\r\n<p style=\"text-align: justify;\">Dans cette r\u00e9p\u00e9tition des<br \/>trajets, un commun se tisse avec le public, une histoire<br \/>r\u00e9elle, brute, qui s\u2019\u00e9crit au pr\u00e9sent.<\/p>\r\n<p style=\"text-align: justify;\"><br \/>Nous sommes tout cela ensemble.<br \/>Nous sommes tous l\u00e0 ensemble.<br \/><br \/>Impact.<\/p>\r\n<p style=\"text-align: right;\"><a href=\"http:\/\/cie-veiculo-longo.fr\/wp-content\/uploads\/2020\/02\/Gireaudeau-ok.jpg\"><img loading=\"lazy\" decoding=\"async\" class=\"aligncenter size-full wp-image-1072\" src=\"http:\/\/cie-veiculo-longo.fr\/wp-content\/uploads\/2020\/02\/Gireaudeau-ok.jpg\" alt=\"\" width=\"4000\" height=\"2695\" srcset=\"https:\/\/cie-veiculo-longo.fr\/wp-content\/uploads\/2020\/02\/Gireaudeau-ok.jpg 4000w, https:\/\/cie-veiculo-longo.fr\/wp-content\/uploads\/2020\/02\/Gireaudeau-ok-300x202.jpg 300w, https:\/\/cie-veiculo-longo.fr\/wp-content\/uploads\/2020\/02\/Gireaudeau-ok-768x517.jpg 768w, https:\/\/cie-veiculo-longo.fr\/wp-content\/uploads\/2020\/02\/Gireaudeau-ok-1024x690.jpg 1024w\" sizes=\"auto, (max-width: 4000px) 100vw, 4000px\" \/><\/a>@Elise Aubry<\/p>\r\n<p style=\"text-align: center;\"><strong>NOTE D&rsquo;INTENTION<\/strong><\/p>\r\n<p style=\"text-align: justify;\">Nous parlerons ici d\u2019organisation sociale, individuelle et collective, de l\u2019impact de l\u2019organisation soci\u00e9tale sur notre individu, de l\u2019impact d\u2019un individu sur un groupe, de celui d\u2019un groupe sur une soci\u00e9t\u00e9 organis\u00e9e.<br \/>Nous exp\u00e9rimenterons \u00e0 l\u2019\u00e9chelle de ce spectacle, la possibilit\u00e9 ou pas de faire soci\u00e9t\u00e9 aujourd\u2019hui.<\/p>\r\n<p>&nbsp;<\/p>\r\n<p>\u00a0Plus d&rsquo;information sur ce spectacle :<\/p>\r\n<p><a href=\"http:\/\/cie-veiculo-longo.fr\/wp-content\/uploads\/2021\/07\/DOSSIER-Artistique-GLISSEMENT-DE-TERRAIN.pdf\">DOSSIER Artistique GLISSEMENT DE TERRAIN<\/a><\/p>\r\n<p>Partenaires :<\/p>\r\n<p style=\"text-align: justify;\">Co-Production : La Transverse (58) \/ Le Lieu (78) \/ Le Carroi (18)<\/p>\r\n<p style=\"text-align: justify;\"><br \/>Projet soutenu par : Le 37e Parall\u00e8le (37) La M\u00e9andre (71) Le Noyau (18) Animakt (91)<\/p>\r\n<p style=\"text-align: justify;\"><br \/>Partenaires financiers : R\u00e9gion Centre Val de Loire, conseil d\u00e9partemental d&rsquo;Indre et Loire, Ville de Tours<br \/><br \/><\/p>\r\n<p>&nbsp;<\/p>\r\n<p>&nbsp;<\/p>\r\n<p>&nbsp;<\/p>\r\n<p>&nbsp;<\/p>\r\n<p>&nbsp;<\/p>\r\n<p>&nbsp;<\/p>\r\n<p>&nbsp;<\/p>\r\n<p>&nbsp;<\/p>\r\n<p>&nbsp;<\/p>\r\n<p>&nbsp;<\/p>\r\n<p>&nbsp;<\/p>\r\n<p>&nbsp;<\/p>\r\n<p>&nbsp;<\/p>\r\n<p>&nbsp;<\/p>\r\n<p>&nbsp;<\/p>\r\n<p>&nbsp;<\/p>\r\n<p>&nbsp;<\/p>\r\n<p>&nbsp;<\/p>\r\n<p>&nbsp;<\/p>\r\n<p>&nbsp;<\/p>","protected":false},"excerpt":{"rendered":"<a href=\"https:\/\/cie-veiculo-longo.fr\/?page_id=905\"><img loading=\"lazy\" decoding=\"async\" width=\"150\" height=\"150\" src=\"http:\/\/cie-veiculo-longo.fr\/wp-content\/plugins\/thumbnail-for-excerpts\/tfe_no_thumb.png\" class=\"alignleft wp-post-image tfe\" alt=\"\" title=\"\" \/><\/a><p>&nbsp; &nbsp; \u00ab Quelle est cette affaire de trou qui nous anime ? Quelle est cette ville ? Et l&rsquo;affaire d&rsquo;y vivre. Pour y creuser soi ? Soi m\u00eame est absent de toute ville. Ou alors il est entrav\u00e9 par sa posture, musel\u00e9 dans ses tics et ses trucs. Il ne revient \u00e0 lui que [&hellip;]<\/p>\n","protected":false},"author":1,"featured_media":0,"parent":0,"menu_order":0,"comment_status":"closed","ping_status":"closed","template":"","meta":{"footnotes":""},"class_list":["post-905","page","type-page","status-publish","hentry"],"_links":{"self":[{"href":"https:\/\/cie-veiculo-longo.fr\/index.php?rest_route=\/wp\/v2\/pages\/905","targetHints":{"allow":["GET"]}}],"collection":[{"href":"https:\/\/cie-veiculo-longo.fr\/index.php?rest_route=\/wp\/v2\/pages"}],"about":[{"href":"https:\/\/cie-veiculo-longo.fr\/index.php?rest_route=\/wp\/v2\/types\/page"}],"author":[{"embeddable":true,"href":"https:\/\/cie-veiculo-longo.fr\/index.php?rest_route=\/wp\/v2\/users\/1"}],"replies":[{"embeddable":true,"href":"https:\/\/cie-veiculo-longo.fr\/index.php?rest_route=%2Fwp%2Fv2%2Fcomments&post=905"}],"version-history":[{"count":22,"href":"https:\/\/cie-veiculo-longo.fr\/index.php?rest_route=\/wp\/v2\/pages\/905\/revisions"}],"predecessor-version":[{"id":1260,"href":"https:\/\/cie-veiculo-longo.fr\/index.php?rest_route=\/wp\/v2\/pages\/905\/revisions\/1260"}],"wp:attachment":[{"href":"https:\/\/cie-veiculo-longo.fr\/index.php?rest_route=%2Fwp%2Fv2%2Fmedia&parent=905"}],"curies":[{"name":"wp","href":"https:\/\/api.w.org\/{rel}","templated":true}]}}

GLISSEMENT DE TERRAIN. Identités et forces collectives. Création 2021

<p>&nbsp;</p>



<p>&nbsp;</p>

<p style="text-align: justify;"><a href="http://cie-veiculo-longo.fr/wp-content/uploads/2019/08/Glissement-de-terrain-p.1-V2.jpeg"><img loading="lazy" decoding="async" class="wp-image-1052 alignright" src="http://cie-veiculo-longo.fr/wp-content/uploads/2019/08/Glissement-de-terrain-p.1-V2.jpeg" alt="" width="304" height="430" srcset="https://cie-veiculo-longo.fr/wp-content/uploads/2019/08/Glissement-de-terrain-p.1-V2.jpeg 1754w, https://cie-veiculo-longo.fr/wp-content/uploads/2019/08/Glissement-de-terrain-p.1-V2-212x300.jpeg 212w, https://cie-veiculo-longo.fr/wp-content/uploads/2019/08/Glissement-de-terrain-p.1-V2-768x1086.jpeg 768w, https://cie-veiculo-longo.fr/wp-content/uploads/2019/08/Glissement-de-terrain-p.1-V2-724x1024.jpeg 724w" sizes="auto, (max-width: 304px) 100vw, 304px" /></a><em>« Quelle est cette affaire de trou qui nous anime ? Quelle </em><em>est cette ville ? Et l&rsquo;affaire d&rsquo;y vivre. Pour y creuser soi ? </em><em>Soi même est absent de toute ville. Ou alors il est entravé </em><em>par sa posture, muselé dans ses tics et ses trucs. </em><em>Il ne revient à lui que par la bande, par tout ce qui a été </em><em>prononcé et qui aurait pu rester dans l&rsquo;air. Je vis dans la </em><em>nature insupportable de l&rsquo;homme, la ville et son trou, son </em><em>milieu naturel. Et c&rsquo;est là dedans, dans le milieu de la </em><em>parole non parlée et des gestes larvés et des violences </em><em>télévisuelles et du patronat et de la bêtise comme culture </em><em>nationale, que je vis. </em><em>Dans ce trou là, cette fosse sceptique de tout ce que les </em><em>humains peuvent faire pour se débarrasser de la pensée. </em><em>Et notre seul concept sera de tenter malgré tout d&rsquo;y </em><em>prendre l&rsquo;air. Prendre tout. Dire tout et même son </em><em>contraire. S&rsquo;égarer dans le voisinage, emporter deux trois </em><em>idées, traverser quelques histoires, en aimer quelques</em><br /><em>une, et quitter toutes les autres, jusqu&rsquo;à occuper seul le </em><em>terrain de l&rsquo;angoisse. Le terrain de sa propre langue où </em><em>tout est à faire.</em><br /><em>Je fais de la poésie parce que demain je suis mort. »</em></p>
<p style="text-align: justify;">La ville est un trou, Charles Pennequin.</p>
<p>&nbsp;</p>
<p>&nbsp;</p>
<p style="text-align: justify;"><strong>SYNOPSIS</strong></p>
<p style="text-align: justify;">Trois individu.es nous offrent leurs regards sur la ville,<br />leurs rapports au monde.<br /><br />Tourner en rond. Ils et elles ont décidé de tourner en<br />rond, en boucle, d’aller creuser dans les couches de<br />ces rues jusqu’à se laisser déborder, jusqu’à trouver ce<br />qu’il y a d’essentiel dans leurs manières de les traverser,<br />de les habiter. Une ville de chair et d’os.</p>
<p style="text-align: justify;"><br />Sur cette boucle, ils et elles se laissent toucher par des<br />événements quotidiens, traverser par leurs pulsions,<br />leurs désirs et nous donnent à voir leurs manières de<br />réagir, ensemble ou séparément. Ces trois figures fortes<br />affrontent cette réalité de plein fouet.</p>
<p style="text-align: justify;">A travers cette rencontre avec l’endroit, ils et elles mettent en lumière<br />leurs valeurs, leurs contradictions, l’ironie et l’absurdité<br />de ces situations, mais aussi ce qui les dépasse.</p>
<p style="text-align: justify;"><br />Cette histoire, ce spectacle est une forme qui se déplace,<br />qui est vivante. Ces personnes l’interprètent avec ce<br />qu’elles sont, en mettant leurs corps en jeu, elle ne leur<br />appartient pas exclusivement.</p>
<p style="text-align: justify;">Dans cette répétition des<br />trajets, un commun se tisse avec le public, une histoire<br />réelle, brute, qui s’écrit au présent.</p>
<p style="text-align: justify;"><br />Nous sommes tout cela ensemble.<br />Nous sommes tous là ensemble.<br /><br />Impact.</p>
<p style="text-align: right;"><a href="http://cie-veiculo-longo.fr/wp-content/uploads/2020/02/Gireaudeau-ok.jpg"><img loading="lazy" decoding="async" class="aligncenter size-full wp-image-1072" src="http://cie-veiculo-longo.fr/wp-content/uploads/2020/02/Gireaudeau-ok.jpg" alt="" width="4000" height="2695" srcset="https://cie-veiculo-longo.fr/wp-content/uploads/2020/02/Gireaudeau-ok.jpg 4000w, https://cie-veiculo-longo.fr/wp-content/uploads/2020/02/Gireaudeau-ok-300x202.jpg 300w, https://cie-veiculo-longo.fr/wp-content/uploads/2020/02/Gireaudeau-ok-768x517.jpg 768w, https://cie-veiculo-longo.fr/wp-content/uploads/2020/02/Gireaudeau-ok-1024x690.jpg 1024w" sizes="auto, (max-width: 4000px) 100vw, 4000px" /></a>@Elise Aubry</p>
<p style="text-align: center;"><strong>NOTE D&rsquo;INTENTION</strong></p>
<p style="text-align: justify;">Nous parlerons ici d’organisation sociale, individuelle et collective, de l’impact de l’organisation sociétale sur notre individu, de l’impact d’un individu sur un groupe, de celui d’un groupe sur une société organisée.<br />Nous expérimenterons à l’échelle de ce spectacle, la possibilité ou pas de faire société aujourd’hui.</p>
<p>&nbsp;</p>
<p> Plus d&rsquo;information sur ce spectacle :</p>
<p><a href="http://cie-veiculo-longo.fr/wp-content/uploads/2021/07/DOSSIER-Artistique-GLISSEMENT-DE-TERRAIN.pdf">DOSSIER Artistique GLISSEMENT DE TERRAIN</a></p>
<p>Partenaires :</p>
<p style="text-align: justify;">Co-Production : La Transverse (58) / Le Lieu (78) / Le Carroi (18)</p>
<p style="text-align: justify;"><br />Projet soutenu par : Le 37e Parallèle (37) La Méandre (71) Le Noyau (18) Animakt (91)</p>
<p style="text-align: justify;"><br />Partenaires financiers : Région Centre Val de Loire, conseil départemental d&rsquo;Indre et Loire, Ville de Tours<br /><br /></p>
<p>&nbsp;</p>
<p>&nbsp;</p>
<p>&nbsp;</p>
<p>&nbsp;</p>
<p>&nbsp;</p>
<p>&nbsp;</p>
<p>&nbsp;</p>
<p>&nbsp;</p>
<p>&nbsp;</p>
<p>&nbsp;</p>
<p>&nbsp;</p>
<p>&nbsp;</p>
<p>&nbsp;</p>
<p>&nbsp;</p>
<p>&nbsp;</p>
<p>&nbsp;</p>
<p>&nbsp;</p>
<p>&nbsp;</p>
<p>&nbsp;</p>
<p>&nbsp;</p>

<a href="https://cie-veiculo-longo.fr/?page_id=905"><img loading="lazy" decoding="async" width="150" height="150" src="http://cie-veiculo-longo.fr/wp-content/plugins/thumbnail-for-excerpts/tfe_no_thumb.png" class="alignleft wp-post-image tfe" alt="" title="" /></a><p>&nbsp; &nbsp; « Quelle est cette affaire de trou qui nous anime ? Quelle est cette ville ? Et l&rsquo;affaire d&rsquo;y vivre. Pour y creuser soi ? Soi même est absent de toute ville. Ou alors il est entravé par sa posture, muselé dans ses tics et ses trucs. Il ne revient à lui que [&hellip;]</p>
